(t) = t**3 - t**2 - 9*t + 14. What is n(u)?
0
Let g(t) = t**2 - 9*t - 9. Suppose 4*l + 16 + 16 = 3*q, -2*q - l + 14 = 0. What is g(q)?
-17
Let v be 10 + (-3)/(-5)*(-30 + 20). Suppose -5*g + 4*h = h - 40, -10 = 2*h. Let n(y) = -v*y**2 + 459*y + 2 - 453*y + 2 + g*y**2. Determine n(-4).
-4
Let k(b) = -2*b + 17. Suppose -22*h - 11*h + 66 = 0. Let y be 0/(h + 8 + -3). Calculate k(y).
17
Let l(v) be the third derivative of v**5/20 + 41*v**4/24 - 53*v**3/6 + 1646*v**2. What is l(-15)?
7
Let s(b) = -b**2 + 13*b - 12. Let j(n) = -n**2 + 17*n - 14. Let r(p) = -4*j(p) + 5*s(p). Give r(-5).
-14
Let j(z) = 2*z**2 - 16*z - 8. Let r = -1851 + 1859. Determine j(r).
-8
Let t(j) = 39*j + 45. Let x(n) = -22*n - 23. Let u(a) = -8*t(a) - 15*x(a). Determine u(-5).
-105
Suppose -d - 14*g + 3 = -13*g, 5*g = -4*d + 8. Let m(z) = z**3 + 5*z**2 - 7*z. Let q be m(-6). Suppose -q*n + d - 7 = 0. Let y(c) = -c - 11. Determine y(n).
-11
Let s be -26 + (1 - (2 + 3)). Let q = 34 + s. Let c(j) = 3*j - 2. Calculate c(q).
10
Let b(y) be the first derivative of -7*y**4/2 - y**2/2 + y + 2. Let l be 7/(-2)*(-6)/7. Suppose -4*r + 16 = l*j, -8 = -3*r - 4*j + 11. Determine b(r).
-14
Let x(y) = 2*y**2 + 9*y + 10 - 9*y**2 + 7*y**2 + 5*y**2 + 0*y**2. Calculate x(-1).
6
Let z(v) be the third derivative of -v**6/120 + v**5/10 + 4*v**3/3 + 262*v**2 + 11*v. What is z(7)?
-41
Let s = -89 - -81. Let y be 3/12 + (-14)/s + 3. Let o(l) = 2*l**2 + 8*l - 4. Let a(c) = c**2 + 4*c - 2. Let x(n) = y*a(n) - 2*o(n). What is x(-5)?
3
Let g(q) = q**2 - 64*q + 897. Let f be g(43). Let n(z) = z**2 + 14*z - 5. Determine n(f).
-53
Let d(f) be the first derivative of 9*f**2/2 + 6*f + 156. Let h(c) = -4*c - 2. Let q(a) = 2*d(a) + 4*h(a). Let v(k) = k + 1. Let r be v(2). Calculate q(r).
10
Let g(d) = d**3 - 5*d**2 - 2*d - 10. Let y(u) = -5*u**2 + 2*u + 120. Let v be y(5). Give g(v).
-20
Let m(r) = -r - 10. Let w be (12 - 20/(-5))*(-2 - (-36)/8). Let f = 116 - 80. Suppose f*q - w*q - 32 = 0. Determine m(q).
-2
Let p be 2 + 5/((-10)/(-4)). Suppose n - 4*l + 4 + 6 = 0, 3*n = 5*l - 9. Let a(z) = n*z + 10*z - 1 - 17*z + 5*z**2 + 2*z - z**3. Determine a(p).
3
Let f(h) be the third derivative of -h**4/24 - h**3/6 - 474*h**2. Calculate f(9).
-10
Let w(n) = 4*n - 2. Let y(b) = -b + 1. Let q(l) = w(l) + 3*y(l). Suppose c = -2*f - 27, -2*c + 517*f + 74 = 513*f. Determine q(c).
6
Let t(n) = 1. Let z(k) = k + 11. Let f(m) = 3*t(m) - z(m). Let u(q) = -3*q + 10 - 24 + 2*q. Let c be u(-8). Determine f(c).
-2
Let i(u) = 15*u - 2. Let t = 368 + -365. Let s be 9 + -2 - (8 - t). What is i(s)?
28
Let q(n) = -11*n**2 + n**3 + 25*n - 269 + 523 - 253. Determine q(8).
9
Let q(r) be the second derivative of r**3/2 + 31*r**2/2 - 1547*r. Calculate q(-18).
-23
Let l(w) = -w**3 + 25*w**2 - 45*w - 22. Let v be l(23). Let b(d) = -3*d**2 - 12*d + 12. Calculate b(v).
-3
Let c(j) = -7*j - 41. Suppose -717*a = -774*a + 65 - 578. What is c(a)?
22
Let f(y) = -y**2 + 3*y + 2. Suppose 14*p - 28*p + 28 = 0. Let q be (-60)/(-15) - p*(-2)/(-2). Calculate f(q).
4
Let z(a) = -4*a**2 - 36*a - 17. Let i be z(-8). Let l(p) = 0 + 41*p + i*p - 2 - 57*p. What is l(6)?
-8
Let k(o) = 82*o**2 + 2*o - 1. Let l(t) = 254*t**2 + 6*t - 5. Let y(q) = 7*k(q) - 2*l(q). Calculate y(-1).
67
Let p = 3056 + -3060. Let u(g) = g**3 + 2*g**2 - 9*g - 6. Give u(p).
-2
Let c(y) = 15*y - 965*y**2 + 1933*y**2 - 961*y**2 + 5. Give c(-2).
3
Let y(j) be the third derivative of j**6/120 - 7*j**5/15 + j**4/12 - 67*j**3/6 - 2*j**2 - 69*j. What is y(28)?
-11
Let q be (1*5 - (-7 - 130/(-26))) + 20. Let s(m) = -m**3 + 28*m**2 - 25*m - 51. Give s(q).
3
Let o(g) = -4*g + 20. Let c(w) = -w**3 + 34*w**2 + 53*w - 2832. Let r be c(33). Give o(r).
-4
Let j(l) = -l**2 + 9*l - 5. Let u = -13799 - -13805. Calculate j(u).
13
Let h(m) be the second derivative of m**4/12 - 7*m**3/3 - 41*m**2 - 4095*m. Calculate h(18).
-10
Let c(i) = 4*i + 4. Let y = -64 + 68. Suppose y = k + 9. Calculate c(k).
-16
Let i(v) = 6*v**2 - 1. Let k be ((-16)/3)/(1/(7 - 10)). Let t be (-58)/(-87)*4/(k/6). Give i(t).
5
Suppose 2*t - 5*z = 5*t - 22, 2 = t - z. Let u(s) = 5*s**2 - 3*s. Let w(x) = -x**2 + 1. Let f be -2 - (-15)/(6 - 1). Let c(a) = f*u(a) + t*w(a). Give c(4).
8
Let l(w) = -w**2 + 7*w - 7. Let j be l(5). Let k(m) = -m**3 - 23*m**2 - 38*m - 342. Let x be k(-22). Suppose g - j = -x. Let o(z) = -z - 9. What is o(g)?
-2
Let n(c) = -10 - 19 - 15 - 2*c + 15 + 5*c. Determine n(0).
-29
Let j be ((-10)/4 - -1) + 830/4. Let v(r) = j + 209 + r**3 - 8*r**2 + 208 - 3*r - 624. Calculate v(8).
-25
Let m be 13/(-5)*165/(-33). Let h(v) = v**2 - 13*v + 2. What is h(m)?
2
Let g(j) = j**3 + 3*j**2 - 10*j - 13. Suppose -3 = -3*c, 34*c = 2*t + 37*c + 7. Determine g(t).
-13
Let s(r) = r**2 + 5*r - 9. Let y be s(-7). Let q be -2 + y + (8 - 11). Let d(j) = 3*j + 7 - j + q*j - 3*j. Calculate d(5).
2
Let r be 2/6*(-15)/1. Let j(m) = -4*m**2 - 22*m - 4. Let p be j(r). Suppose -i + 2*d = -p*i + 20, 8 = 2*i + 3*d. Let h(f) = f**2 - 6*f + 5. What is h(i)?
-3
Suppose -5*q - 5*y + 1040 = 0, 2*y + 3*y = -2*q + 410. Let v(n) = -210*n**2 - q*n**2 + 622*n**2 - 203*n**2 + 1. Give v(5).
-24
Let d(o) be the first derivative of -3*o**2 + 56*o + 2181. What is d(9)?
2
Let y(m) = -278*m**2 + 48*m + 5. Let c(k) = 229*k**2 - 40*k - 4. Let i(o) = -17*c(o) - 14*y(o). Suppose -3*t - 2 + 5 = 0, h - 4 = 2*t. Give i(h).
10
Let b be (-30)/(-9) + 2/3. Let d(p) be the third derivative of -5/24*p**4 + 0 + 1/30*p**5 + 2/3*p**3 - 25*p**2 + 0*p. Calculate d(b).
16
Suppose -3*w - 2*a - 108 = a, -4*a + 51 = -w. Let k = w - -49. Let y(t) = -k*t - 9 - 6*t**2 + 0*t + 5*t**2 + 0*t**2. Determine y(-7).
12
Suppose 8 = 3*u + u. Let n(d) be the third derivative of -3*d**4/8 - d**3/3 - 36*d**2 - d. Let i(b) = -19*b - 5. Let f(c) = 4*i(c) - 9*n(c). What is f(u)?
8
Let a(d) = 11*d**3 + 7*d**2 + 8*d + 2. Let f(c) = -29*c**3 - 19*c**2 - 21*c - 6. Let u(o) = -8*a(o) - 3*f(o). Calculate u(3).
-19
Suppose 170*j - 171*j = -10. Let n(g) = -g**2 + 7*g + 9. Determine n(j).
-21
Let n(a) = a + 4. Let c(w) = 38*w - 39. Let f be c(1). Let t(m) = 5*m + 9. Let g(z) = f*t(z) + 2*n(z). Calculate g(-3).
8
Suppose -3*a - 3*l + 40 - 7 = 0, 4*a + l - 38 = 0. Let p be (-2)/(-2)*(a + -20)/(-11). Let c(n) = -16*n**2 - 9*n**2 + 2*n + 0 - 1. Determine c(p).
-24
Let g = 28 - 21. Let s(u) = 20*u - 13. Let m(o) = -189*o + 116. Let q(h) = -2*m(h) - 19*s(h). What is q(g)?
1
Let q(x) = 2*x**2 - 113*x + 277. Let m be q(54). Let o(y) = -3*y**2 + 10*y + 2*y**2 - 8*y - 4. What is o(m)?
-39
Let z(k) be the first derivative of k**4/4 - 7*k**3/3 - 9*k**2 - 2*k - 4. Let b(w) = 3*w**2 + 36*w + 69. Let o be b(-10). Calculate z(o).
-2
Let z(s) = -s**3 + 5*s**2 - 2*s - 13. Let g(q) = 3*q**3 - 12*q**2 + 5*q + 31. Let c(b) = 2*g(b) + 5*z(b). What is c(3)?
33
Let h(o) = o + 10. Suppose 47*g - 9*g = 38. Let y(x) = -12*x + 6. Let b be y(g). Give h(b).
4
Let d(u) = -2*u**2 - 63*u - 38. Let h be d(-31). Let r be (5/(-3))/(13/(-39)). Let y(q) = 6*q + 13 - 12*q + r*q - 6. What is y(h)?
14
Let h(x) = 38*x - 67. Suppose 232 = 110*c + 6*c. Determine h(c).
9
Let d(w) = 39*w + 548. Let r = -11746 + 11732. Determine d(r).
2
Let d = 3929 - 3934. Let a(k) = k**3 + 6*k**2 + 33*k + 136. Determine a(d).
-4
Let q(m) = -84*m - 227. Let a(o) = -27*o - 75. Let j(r) = 7*a(r) - 2*q(r). Determine j(-4).
13
Let g(p) = 4*p**3 - 13*p**2 - 3*p + 4. Let n(d) = -d**3 + 4*d**2 - 1. Let x(u) = -g(u) - 3*n(u). Calculate x(4).
-37
Let r(c) = -2*c + 1. Suppose -11*m = -m. Suppose -5*s + 16*s + 33 = m. What is r(s)?
7
Let n(s) = -32*s**3 + 6 - 4*s - s + 4*s - 44*s**3 + 77*s**3. Suppose d + d = 0. Suppose 2*k - 6*k = d. Give n(k).
6
Let j(x) be the third derivative of -9*x**2 + 0 + 0*x - 1/6*x**4 - 1/2*x**3. Let p = 56 - 58. Give j(p).
5
Let w = -2023 - -2028. Let s(g) = -2*g - 2. Give s(w).
-12
Let s be 2/((-2)/(-5))*(-80)/50. Let k(j) = 24*j**3 + 7*j**2 + 16*j + 10. Let x(y) = 13*y**3 + 3*y**2 + 8*y + 5. Let t(g) = 6*k(g) - 11*x(g). What is t(s)?
5
Let s(c) = c - 1. Suppose 0*a + 6*a = 0. Suppose 2*p + 5*r + 17 = a, -2*p - 1 = 2*r + 1. Let h(j) = j. Let i(k) = p*h(k) - 5*s(k). Give i(-5).
10
Let i(w) = 47*w - 130. Let m(l) = -8*l - 5. Let k(j) = i(j) + 5*m(j). What is k(24)?
13
Let k(l) = -l**2 + 3*l - 4. Let u(v) = v**3 + 11*v**2 + 19*v - 10. Let i be u(-9). Let z(